5363?
103, 4421
List the prime factors of 2353403.
13, 181031
List the prime factors of 740304.
2, 3, 53, 97
List the prime factors of 12052482.
2, 3, 13, 191, 809
What are the prime factors of 262471?
11, 107, 223
What are the prime factors of 12082321?
179, 67499
List the prime factors of 365036.
2, 7, 13037
List the prime factors of 578335.
5, 23, 47, 107
List the prime factors of 1392143.
1392143
List the prime factors of 4816489.
139, 34651
List the prime factors of 27974840.
2, 5, 19, 36809
What are the prime factors of 2395295?
5, 7, 68437
What are the prime factors of 139957?
173, 809
List the prime factors of 117157.
79, 1483
List the prime factors of 26572.
2, 7, 13, 73
List the prime factors of 2624622.
2, 3, 7, 11, 13, 19, 23
List the prime factors of 1108262.
2, 149, 3719
List the prime factors of 689984.
2, 10781
What are the prime factors of 11328?
2, 3, 59
What are the prime factors of 661118?
2, 61, 5419
List the prime factors of 1151519.
1151519
What are the prime factors of 1045406?
2, 522703
List the prime factors of 1046772.
2, 3, 29077
List the prime factors of 1181889.
3, 131321
What are the prime factors of 151830?
2, 3, 5, 7, 241
List the prime factors of 13553021.
13553021
List the prime factors of 452797.
452797
List the prime factors of 11506749.
3, 173, 22171
What are the prime factors of 247121?
7, 43, 821
What are the prime factors of 63940?
2, 5, 23, 139
List the prime factors of 11334859.
67, 169177
What are the prime factors of 5056043?
5056043
What are the prime factors of 1261444?
2, 315361
What are the prime factors of 569111?
569111
List the prime factors of 15551354.
2, 7, 13, 85447
List the prime factors of 392918.
2, 196459
List the prime factors of 991306.
2, 19, 1373
What are the prime factors of 1213957?
137, 8861
What are the prime factors of 1081054?
2, 13, 41579
What are the prime factors of 3239979?
3, 17, 37, 101
What are the prime factors of 982304?
2, 30697
What are the prime factors of 20272?
2, 7, 181
What are the prime factors of 505258?
2, 13, 19433
List the prime factors of 22539587.
7, 1511, 2131
List the prime factors of 11383771.
7, 443, 3671
List the prime factors of 83986.
2, 7, 857
List the prime factors of 5429234.
2, 2714617
List the prime factors of 690044.
2, 167, 1033
What are the prime factors of 659502?
2, 3, 23, 59
What are the prime factors of 1132275?
3, 5, 31, 487
What are the prime factors of 162207?
3, 67, 269
What are the prime factors of 169354?
2, 17, 293
List the prime factors of 744562.
2, 7, 13, 4091
List the prime factors of 2681300.
2, 5, 26813
What are the prime factors of 73629?
3, 101
What are the prime factors of 4702257?
3, 7, 101, 739
List the prime factors of 340306.
2, 17, 10009
What are the prime factors of 555834?
2, 3, 92639
List the prime factors of 404514.
2, 3, 11, 227
What are the prime factors of 37646442?
2, 3, 1231, 1699
What are the prime factors of 452819?
73, 6203
What are the prime factors of 234696?
2, 3, 7, 11, 127
List the prime factors of 2503039.
7, 11, 32507
List the prime factors of 12695799.
3, 263, 16091
List the prime factors of 7133996.
2, 1783499
What are the prime factors of 3220820?
2, 5, 17, 9473
What are the prime factors of 1329138?
2, 3, 41, 1801
List the prime factors of 227301.
3, 75767
List the prime factors of 1039244.
2, 17, 29, 31
What are the prime factors of 111151?
41, 2711
List the prime factors of 30373381.
19, 859, 1861
What are the prime factors of 190753?
190753
List the prime factors of 336479.
11, 13, 181
List the prime factors of 39234904.
2, 4904363
What are the prime factors of 4365521?
4365521
What are the prime factors of 13556432?
2, 847277
List the prime factors of 17171814.
2, 3, 11, 260179
What are the prime factors of 22180518?
2, 3, 43, 28657
List the prime factors of 204715.
5, 7, 5849
What are the prime factors of 9755919?
3, 29, 37379
List the prime factors of 537399.
3, 29, 71
What are the prime factors of 8930834?
2, 11, 405947
List the prime factors of 19549681.
1297, 15073
What are the prime factors of 5260833?
3, 41, 53, 269
What are the prime factors of 838314?
2, 3, 46573
List the prime factors of 53648.
2, 7, 479
What are the prime factors of 38902207?
37, 79, 13309
What are the prime factors of 91432?
2, 11, 1039
What are the prime factors of 466335?
3, 5, 43, 241
List the prime factors of 2554979.
7, 364997
What are the prime factors of 4137174?
2, 3, 19, 12097
List the prime factors of 3114660.
2, 3, 5, 23, 37, 61
List the prime factors of 33637358.
2, 383, 43913
List the prime factors of 1271359.
1271359
What are the prime factors of 1615081?
13, 283, 439
What are the prime factors of 1068321?
3, 53, 6719
What are the prime factors of 244411?
244411
What are the prime factors of 112821?
3, 37607
What are the prime factors of 4034859?
3, 19, 71, 997
List the prime factors of 3400660.
2, 5, 193, 881
What are the prime factors of 1980988?
2, 449, 1103
What are the prime factors of 15152731?
11, 277, 4973
What are the prime factors of 390481?
7, 13, 613
What are the prime factors of 795498?
2, 3, 11, 17, 709
What are the prime factors of 219528?
2, 3, 3049
List the prime factors of 99784.
2, 12473
What are the prime factors of 1672674?
2, 3, 149, 1871
What are the prime factors of 5457419?
11, 547, 907
What are the prime factors of 4795008?
2, 3, 12487
What are the prime factors of 263507?
41, 6427
What are the prime factors of 2080923?
3, 13, 229, 233
What are the prime factors of 5097939?
3, 7, 11, 29, 761
What are the prime factors of 11813704?
2, 7, 30137
List the prime factors of 5697999.
3, 239, 883
What are the prime factors of 459500?
2, 5, 919
What are the prime factors of 5580270?
2, 3, 5, 62003
What are the prime factors of 20544371?
2053, 10007
What are the prime factors of 831252?
2, 3, 53, 1307
List the prime factors of 1521755.
5, 17, 17903
What are the prime factors of 3418065?
3, 5, 7, 3617
List the prime factors of 2846633.
17, 167449
What are the prime factors of 1149346?
2, 11, 89, 587
List the prime factors of 148854.
2, 3, 24809
List the prime factors of 1725086.
2, 11, 19, 4127
List the prime factors of 4239457.
4239457
What are the prime factors of 8539111?
7, 41, 29753
List the prime factors of 204763.
13, 19, 829
What are the prime factors of 65646?
2, 3, 7, 521
List the prime factors of 98639.
98639
What are the prime factors of 11965836?
2, 3, 997153
What are the prime factors of 451873?
451873
List the prime factors of 362046.
2, 3, 83, 727
What are the prime factors of 8689224?
2, 3, 362051
List the prime factors of 2517341.
53, 47497
What are the prime factors of 3302700?
2, 3, 5, 101, 109
List the prime factors of 402315.
3, 5, 26821
What are the prime factors of 1246328?
2, 83, 1877
List the prime factors of 363445.
5, 72689
List the prime factors of 1971561.
3, 657187
What are the prime factors of 11047446?
2, 3, 613747
What are the prime factors of 135393?
3, 45131
What are the prime factors of 738793?
11, 47, 1429
What are the prime factors of 10148857?
599, 16943
What are the prime factors of 832000?
2, 5, 13
List the prime factors of 33601.
33601
What are the prime factors of 3810861?
3, 29, 31, 157
List the prime factors of 28649915.
5, 7, 818569
List the prime factors of 9913367.
9913367
List the prime factors of 1298174.
2, 649087
List the prime factors of 18220328.
2, 7, 17, 19139
List the prime factors of 1928523.
3, 733, 877
List the prime factors of 1299785.
5, 47, 5531
What are the prime factors of 1802504?
2, 11, 20483
What are the prime factors of 11818837?
251, 47087
List the prime factors of 462625.
5, 3701
List the prime factors of 17991662.
2, 13, 137, 5051
List the prime factors of 4074184.
2, 607, 839
What are the prime factors of 181794?
2, 3, 41, 739
What are the prime factors of 73257?
3, 24419
What are the prime factors of 373092?
2, 3, 31091
What are the prime factors of 277975?
5, 11119
What are the prime factors of 10384307?
10384307
What are the prime factors of 131192?
2, 23, 31
List the prime factors of 208524.
2, 3, 17377
List the prime factors of 402439.
19, 59, 359
List the prime factors of 1262090.
2, 5, 61, 2069
What are the prime factors of 1144492?
2, 359, 797
What are the prime factors of 2391765?
3, 5, 317, 5